{"id":21116,"date":"2025-10-04T04:10:23","date_gmt":"2025-10-04T09:10:23","guid":{"rendered":"https:\/\/ayhrealestate.com\/index.php\/property\/apartamento-en-venta-en-el-poblado-medellin-apartamentos-balcon-de-los-cedros-cl-6-2534-el-poblado-medellin-el-poblado-medellin-antioquia-1-250-000-000\/"},"modified":"2026-03-10T23:19:40","modified_gmt":"2026-03-11T04:19:40","slug":"apartamento-en-venta-en-el-poblado-medellin-apartamentos-balcon-de-los-cedros-cl-6-2534-el-poblado-medellin-el-poblado-medellin-antioquia-1-250-000-000","status":"publish","type":"property","link":"https:\/\/ayhrealestate.com\/index.php\/property\/apartamento-en-venta-en-el-poblado-medellin-apartamentos-balcon-de-los-cedros-cl-6-2534-el-poblado-medellin-el-poblado-medellin-antioquia-1-250-000-000\/","title":{"rendered":"Apartamento en venta en El Poblado, Medell\u00edn."},"content":{"rendered":"<p>Este amplio apartamento de 160 M2 se encuentra en una de las ciudades m&aacute;s vibrantes y encantadoras de Colombia: Medell&iacute;n, en el departamento de Antioquia. Con una ubicaci&oacute;n privilegiada y una amplia &aacute;rea construida, esta propiedad ofrece comodidad, estilo y todas las necesidades para una vida moderna y din&aacute;mica.<\/p>\n<p>El apartamento cuenta con 3 amplias alcobas, perfectas para acomodar a toda tu familia, y 2 c&oacute;modos garajes para guardar tus veh&iacute;culos sin preocupaci&oacute;n. Sus caracter&iacute;sticas internas son ideales para un estilo de vida c&oacute;modo y pr&aacute;ctico: admite mascotas, conexi&oacute;n de agua, armarios empotrados en cada habitaci&oacute;n, amplio balc&oacute;n para disfrutar de la vista panor&aacute;mica de la ciudad, ba&ntilde;o auxiliar y una moderna sala de ba&ntilde;o en la habitaci&oacute;n principal. Adem&aacute;s, cuenta con una barra estilo americano, ideal para compartir en familia o con amigos, y una biblioteca\/estudio para darle un espacio a tus actividades profesionales.<\/p>\n<p>El apartamento se encuentra en una urbanizaci&oacute;n cerrada, lo que garantiza seguridad y privacidad para sus residentes. Su zona de lavander&iacute;a y piso de madera a&ntilde;aden un toque de elegancia y confort. Adem&aacute;s, su ubicaci&oacute;n interior lo hace ideal para disfrutar de tranquilidad y privacidad. Sin duda, una vivienda unifamiliar perfecta para aquellos que buscan una vida moderna y confortable.<\/p>\n<p>En cuanto a las caracter&iacute;sticas externas, el apartamento se encuentra en un sector de f&aacute;cil acceso pavimentado. Adem&aacute;s, cuenta con un ascensor para facilitar la movilidad y su &aacute;rea social ofrece espacios para compartir y disfrutar con tus vecinos. La cercan&iacute;a a centros comerciales, colegios y universidades, as&iacute; como a zonas urbanas y parques cercanos, le dan un valor a&ntilde;adido a esta propiedad.<\/p>\n<p>En general, su ubicaci&oacute;n es estrat&eacute;gica para quienes desean tener acceso a todo tipo de servicios y entretenimiento. Y para tu comodidad, el apartamento cuenta con garaje y parqueadero de visitantes. Adem&aacute;s, su cercan&iacute;a a restaurantes y tiendas de barrio te permitir&aacute; disfrutar de la variedad de la gastronom&iacute;a y tiendas locales.<\/p>\n<p>Finalmente, su ubicaci&oacute;n sobre una v&iacute;a principal y su cercan&iacute;a a zonas deportivas y verdes lo hacen ideal para aquellos que les gusta mantenerse activos. Y para tu tranquilidad, cuenta con porter&iacute;a\/recepci&oacute;n y vigilancia las 24 horas del d&iacute;a. &iexcl;No pierdas la oportunidad de vivir en una de las mejores propiedades en una de las mejores zonas de Medell&iacute;n!<\/p>\n<p>*<strong>Informaci&oacute;n sujeta a cambios, Las im&aacute;genes de muebles, enseres, decoraci&oacute;n y dem&aacute;s elementos son una referencia.&nbsp; Las &aacute;reas y precios publicados son estimados y podr&aacute;n estar sujetos a modificaciones, cualquier informaci&oacute;n debe ser validada con la sala de negocios. El &aacute;rea y las caracter&iacute;sticas definitivas del inmueble ser&aacute;n aquellas que consten en la escritura p&uacute;blica de transferencia.<\/strong><\/p>\n<p><strong>El precio se&ntilde;alado en d&oacute;lares corresponde a un valor de referencia aproximado a la TRM del d&iacute;a. No obstante, la negociaci&oacute;n se har&aacute; en pesos colombianos<\/strong><\/p>\n","protected":false},"excerpt":{"rendered":"<p>Este amplio apartamento de 160 M2 se encuentra en una de las ciudades m&aacute;s vibrantes y encantadoras de Colombia: Medell&iacute;n, en el departamento de Antioquia. Con una ubicaci&oacute;n privilegiada y una amplia &aacute;rea construida, esta propiedad ofrece comodidad, estilo y todas las necesidades para una vida moderna y din&aacute;mica. El apartamento cuenta con 3 amplias [&hellip;]<\/p>\n","protected":false},"author":0,"featured_media":25002,"parent":0,"menu_order":0,"template":"","property_type":[18],"property_status":[47],"property_feature":[353,363,349,367,20,368,364,350,378,379,404,369,376,377,362,354,380,400,381,355,352,356,357,358,397,370,409,382,359,383,395,371,372,365,403,360,366,374,387,375],"property_label":[],"property_country":[64],"property_state":[63],"property_city":[68],"property_area":[70],"class_list":["post-21116","property","type-property","status-publish","has-post-thumbnail","hentry","property_type-apartamento","property_status-venta","property_feature-acceso-pavimentado","property_feature-admite-mascotas","property_feature-agua","property_feature-area-social","property_feature-armarios-empotrados","property_feature-ascensor","property_feature-balcon","property_feature-bano-auxiliar","property_feature-bano-en-habitacion-principal","property_feature-barra-estilo-americano","property_feature-biblioteca-estudio","property_feature-centros-comerciales","property_feature-cerca-a-jardines-y-colegios","property_feature-cerca-a-restaurantes","property_feature-cerca-a-tiendas-de-barrio","property_feature-cerca-zona-urbana","property_feature-closets","property_feature-cochera-garaje","property_feature-cocina-integral","property_feature-colegios-universidades","property_feature-electricidad","property_feature-garaje","property_feature-parqueadero-visitantes","property_feature-parques-cercanos","property_feature-piso-madera","property_feature-porteria-recepcion","property_feature-sobre-via-principal","property_feature-suelo-de-ceramica-marmol","property_feature-trans-publico-cercano","property_feature-ubicacion-interior","property_feature-unifamiliar","property_feature-urbanizacion-cerrada","property_feature-vigilancia","property_feature-vista-panoramica","property_feature-vivienda-unifamiliar","property_feature-zona-comercial","property_feature-zona-de-lavanderia","property_feature-zona-residencial","property_feature-zonas-deportivas","property_feature-zonas-verdes","property_country-colombia","property_state-antioquia","property_city-medellin","property_area-el-poblado-el-tesoro"],"aioseo_notices":[],"property_meta":{"_wasi_id":["9502974"],"_wasi_id_property":["9502974"],"_wasi_for_sale":["true"],"_wasi_for_rent":["false"],"_wasi_sale_price":["1250000000"],"_wasi_rent_price":["0"],"_wasi_bedrooms":["3"],"_wasi_bathrooms":["0"],"_wasi_garages":["2"],"_wasi_address":["Apartamentos Balc\u00f3n de los Cedros, Cl. 6 #2534, El Poblado, Medell\u00edn, El Poblado, Medell\u00edn, Antioquia"],"_wasi_city":["Medell\u00edn"],"_wasi_region":["Antioquia"],"_wasi_country":["Colombia"],"_wasi_updated_at":["0000-00-00 00:00:00"],"houzez_total_property_views":["105"],"houzez_views_by_date":["a:61:{s:10:\"10-19-2025\";i:1;s:10:\"10-22-2025\";i:1;s:10:\"10-27-2025\";i:2;s:10:\"11-04-2025\";i:2;s:10:\"11-08-2025\";i:1;s:10:\"11-12-2025\";i:1;s:10:\"11-14-2025\";i:1;s:10:\"11-15-2025\";i:1;s:10:\"11-24-2025\";i:1;s:10:\"11-25-2025\";i:2;s:10:\"11-27-2025\";i:2;s:10:\"11-28-2025\";i:1;s:10:\"12-01-2025\";i:1;s:10:\"12-07-2025\";i:2;s:10:\"12-12-2025\";i:1;s:10:\"12-14-2025\";i:1;s:10:\"12-16-2025\";i:1;s:10:\"12-20-2025\";i:1;s:10:\"12-24-2025\";i:1;s:10:\"12-26-2025\";i:1;s:10:\"12-27-2025\";i:1;s:10:\"12-28-2025\";i:1;s:10:\"01-03-2026\";i:2;s:10:\"01-04-2026\";i:1;s:10:\"01-09-2026\";i:2;s:10:\"01-13-2026\";i:1;s:10:\"01-15-2026\";i:2;s:10:\"01-20-2026\";i:1;s:10:\"01-22-2026\";i:1;s:10:\"01-24-2026\";i:1;s:10:\"01-28-2026\";i:3;s:10:\"02-01-2026\";i:1;s:10:\"02-04-2026\";i:1;s:10:\"02-17-2026\";i:1;s:10:\"02-22-2026\";i:2;s:10:\"03-02-2026\";i:1;s:10:\"03-11-2026\";i:3;s:10:\"03-12-2026\";i:2;s:10:\"03-13-2026\";i:1;s:10:\"03-15-2026\";i:2;s:10:\"03-17-2026\";i:1;s:10:\"03-21-2026\";i:1;s:10:\"03-22-2026\";i:1;s:10:\"03-27-2026\";i:1;s:10:\"04-02-2026\";i:2;s:10:\"04-06-2026\";i:1;s:10:\"04-07-2026\";i:2;s:10:\"04-09-2026\";i:2;s:10:\"04-10-2026\";i:1;s:10:\"04-12-2026\";i:2;s:10:\"04-13-2026\";i:3;s:10:\"04-17-2026\";i:2;s:10:\"04-18-2026\";i:2;s:10:\"04-19-2026\";i:1;s:10:\"04-20-2026\";i:1;s:10:\"04-21-2026\";i:2;s:10:\"04-24-2026\";i:2;s:10:\"04-25-2026\";i:1;s:10:\"04-28-2026\";i:1;s:10:\"04-29-2026\";i:3;s:10:\"04-30-2026\";i:2;}"],"houzez_recently_viewed":["2026-04-30 18:47:43"],"_wasi_latitude":["6.204403460415392"],"_wasi_longitude":["-75.55577093480245"],"fave_property_price":["1250000000"],"fave_property_bedrooms":["3"],"fave_property_bathrooms":["0"],"fave_property_garage":["2"],"fave_property_address":["El Poblado- El Tesoro, Medell\u00edn, Antioquia"],"fave_property_location":["6.2051966825848,-75.552570749881,14"],"fave_property_map_address":["El Poblado- El Tesoro, Medell\u00edn, Antioquia"],"fave_property_size":[""],"_thumbnail_id":["25002"],"_property_gallery":["22460"],"additional_features":["a:5:{i:0;a:2:{s:29:\"fave_additional_feature_title\";s:7:\"Estrato\";s:29:\"fave_additional_feature_value\";s:1:\"6\";}i:1;a:2:{s:29:\"fave_additional_feature_title\";s:16:\"\u00c1rea Construida\";s:29:\"fave_additional_feature_value\";s:7:\"160 m\u00b2\";}i:2;a:2:{s:29:\"fave_additional_feature_title\";s:13:\"Zona \/ Barrio\";s:29:\"fave_additional_feature_value\";s:21:\"El Poblado- El Tesoro\";}i:3;a:2:{s:29:\"fave_additional_feature_title\";s:6:\"Ciudad\";s:29:\"fave_additional_feature_value\";s:9:\"Medell\u00edn\";}i:4;a:2:{s:29:\"fave_additional_feature_title\";s:12:\"Departamento\";s:29:\"fave_additional_feature_value\";s:9:\"Antioquia\";}}"],"_wasi_admin_fee":[""],"_wasi_stratum":["6"],"_wasi_built_area":["160"],"_wasi_land_area":[""],"_wasi_property_state":[""],"_wasi_zone":["El Poblado- El Tesoro"],"fave_property_sec_price":[""],"fave_property_price_prefix":[""],"fave_property_rooms":[""],"fave_property_size_prefix":["m\u00b2"],"fave_property_land":[""],"fave_property_land_postfix":["m\u00b2"],"fave_property_zip":[""],"fave_property_map":["1"],"fave_property_map_street_view":["0"],"fave_property_id":["9502974"],"houzez_geolocation_lat":["6.2051966825848"],"houzez_geolocation_long":["-75.552570749881"],"fave_property_hoa":[""],"fave_property_year":[""],"fave_property_estrato":["6"],"fave_property_area_construida":["160"],"fave_property_admin":["0"],"_wasi_last_sync":["1773202780"],"fave_property_images_count":["23"],"fave_property_price_postfix":[""],"fave_property_garage_size":[""],"fave_property_country":["CO"],"fave_featured":["0"],"houzez_featured_listing_date":[""],"fave_agent_display_option":["author_info"],"houzez_manual_expire":[""],"houzez_listing_expiry_date":[""],"fave_virtual_tour":[""],"fave_property_video_url":[""],"_wasi_exact_address":["Apartamentos Balc\u00f3n de los Cedros, Cl. 6 #2534, El Poblado, Medell\u00edn, El Poblado, Medell\u00edn, Antioquia, El Poblado- El Tesoro, Medell\u00edn, Antioquia"],"_wasi_exact_lat":["6.2044034604154"],"_wasi_exact_lng":["-75.555770934802"],"fave_property_images":["25002","25003","25004","25005","25006","25007","25008","25009","25010","25011","25012","25013","25014","25015","25016","25017","25018","25019","25020","25021","25022","25023","25024"],"_elementor_page_assets":["a:0:{}"]},"_links":{"self":[{"href":"https:\/\/ayhrealestate.com\/index.php\/wp-json\/wp\/v2\/properties\/21116","targetHints":{"allow":["GET"]}}],"collection":[{"href":"https:\/\/ayhrealestate.com\/index.php\/wp-json\/wp\/v2\/properties"}],"about":[{"href":"https:\/\/ayhrealestate.com\/index.php\/wp-json\/wp\/v2\/types\/property"}],"version-history":[{"count":3,"href":"https:\/\/ayhrealestate.com\/index.php\/wp-json\/wp\/v2\/properties\/21116\/revisions"}],"predecessor-version":[{"id":25001,"href":"https:\/\/ayhrealestate.com\/index.php\/wp-json\/wp\/v2\/properties\/21116\/revisions\/25001"}],"wp:featuredmedia":[{"embeddable":true,"href":"https:\/\/ayhrealestate.com\/index.php\/wp-json\/wp\/v2\/media\/25002"}],"wp:attachment":[{"href":"https:\/\/ayhrealestate.com\/index.php\/wp-json\/wp\/v2\/media?parent=21116"}],"wp:term":[{"taxonomy":"property_type","embeddable":true,"href":"https:\/\/ayhrealestate.com\/index.php\/wp-json\/wp\/v2\/property_type?post=21116"},{"taxonomy":"property_status","embeddable":true,"href":"https:\/\/ayhrealestate.com\/index.php\/wp-json\/wp\/v2\/property_status?post=21116"},{"taxonomy":"property_feature","embeddable":true,"href":"https:\/\/ayhrealestate.com\/index.php\/wp-json\/wp\/v2\/property_feature?post=21116"},{"taxonomy":"property_label","embeddable":true,"href":"https:\/\/ayhrealestate.com\/index.php\/wp-json\/wp\/v2\/property_label?post=21116"},{"taxonomy":"property_country","embeddable":true,"href":"https:\/\/ayhrealestate.com\/index.php\/wp-json\/wp\/v2\/property_country?post=21116"},{"taxonomy":"property_state","embeddable":true,"href":"https:\/\/ayhrealestate.com\/index.php\/wp-json\/wp\/v2\/property_state?post=21116"},{"taxonomy":"property_city","embeddable":true,"href":"https:\/\/ayhrealestate.com\/index.php\/wp-json\/wp\/v2\/property_city?post=21116"},{"taxonomy":"property_area","embeddable":true,"href":"https:\/\/ayhrealestate.com\/index.php\/wp-json\/wp\/v2\/property_area?post=21116"}],"curies":[{"name":"wp","href":"https:\/\/api.w.org\/{rel}","templated":true}]}}

Apartamento en venta en El Poblado, Medellín.

Apartamentos Balcón de los Cedros, Cl. 6 #2534, El Poblado, Medellín, El Poblado, Medellín, Antioquia

Medellín

El Poblado- El Tesoro, Medellín, Antioquia

a:5:{i:0;a:2:{s:29:"fave_additional_feature_title";s:7:"Estrato";s:29:"fave_additional_feature_value";s:1:"6";}i:1;a:2:{s:29:"fave_additional_feature_title";s:16:"Área Construida";s:29:"fave_additional_feature_value";s:7:"160 m²";}i:2;a:2:{s:29:"fave_additional_feature_title";s:13:"Zona / Barrio";s:29:"fave_additional_feature_value";s:21:"El Poblado- El Tesoro";}i:3;a:2:{s:29:"fave_additional_feature_title";s:6:"Ciudad";s:29:"fave_additional_feature_value";s:9:"Medellín";}i:4;a:2:{s:29:"fave_additional_feature_title";s:12:"Departamento";s:29:"fave_additional_feature_value";s:9:"Antioquia";}}

Apartamentos Balcón de los Cedros, Cl. 6 #2534, El Poblado, Medellín, El Poblado, Medellín, Antioquia, El Poblado- El Tesoro, Medellín, Antioquia
