{"id":21092,"date":"2025-09-20T04:10:13","date_gmt":"2025-09-20T09:10:13","guid":{"rendered":"https:\/\/ayhrealestate.com\/index.php\/property\/local-en-venta-en-el-poblado-medellin-edificio-xerox-1er-piso-cra-43a-15sur15-piso-8-el-poblado-medellin-el-poblado-medellin-antioquia-4-800-000-000\/"},"modified":"2026-03-10T23:19:49","modified_gmt":"2026-03-11T04:19:49","slug":"local-en-venta-en-el-poblado-medellin-edificio-xerox-1er-piso-cra-43a-15sur15-piso-8-el-poblado-medellin-el-poblado-medellin-antioquia-4-800-000-000","status":"publish","type":"property","link":"https:\/\/ayhrealestate.com\/index.php\/property\/local-en-venta-en-el-poblado-medellin-edificio-xerox-1er-piso-cra-43a-15sur15-piso-8-el-poblado-medellin-el-poblado-medellin-antioquia-4-800-000-000\/","title":{"rendered":"Local en venta en El Poblado, Medell\u00edn."},"content":{"rendered":"<p>En una de las ciudades m&aacute;s vibrantes y en crecimiento de Colombia, se encuentra ubicado este amplio local en venta en Medell&iacute;n, Antioquia. Con una superficie construida de 480 M2, este inmueble ofrece una excelente oportunidad para emprendedores y empresarios que deseen establecer su negocio en un lugar estrat&eacute;gico de la ciudad.<\/p>\n<p>El acceso a este local es totalmente pavimentado, lo que facilita la llegada de tus clientes y proveedores. Adem&aacute;s, cuenta con un &aacute;rea social que podr&aacute;s utilizar para realizar eventos, conferencias o reuniones de negocios. Y para comodidad de tus clientes, cuenta con ascensor y parqueadero de visitantes.<\/p>\n<p>Su ubicaci&oacute;n exterior, sobre una v&iacute;a principal, es ideal para atraer la atenci&oacute;n de m&uacute;ltiples personas que transitan diariamente por la zona. Esta ubicaci&oacute;n tambi&eacute;n brinda una gran visibilidad a tu negocio, lo que puede generar un aumento en tus ventas y posicionamiento en el mercado.<\/p>\n<p>Pensando en la comodidad de tus empleados y clientes, se encuentra en una zona residencial y comercial de la ciudad. Esto significa que tendr&aacute;n acceso cercano a una variedad de servicios como centros comerciales, colegios y universidades, parques, zonas verdes y transporte p&uacute;blico.<\/p>\n<p>No te faltar&aacute; opciones para salir a comer en la zona, ya que hay m&uacute;ltiples restaurantes cercanos que ofrecen una amplia variedad de gastronom&iacute;a. Y si deseas aprovechar la ubicaci&oacute;n de tu local para generar zonas de descanso para tus empleados, tendr&aacute;s parques cercanos a tu disposici&oacute;n.<\/p>\n<p>Aprovecha esta oportunidad de inversi&oacute;n en una de las mejores ciudades de Colombia. No pierdas la oportunidad de adquirir este local en Medell&iacute;n, que cuenta con todos los servicios b&aacute;sicos como agua, ba&ntilde;o auxiliar y electricidad. &iexcl;Cont&aacute;ctanos hoy mismo para m&aacute;s informaci&oacute;n y no dejes pasar esta oportunidad &uacute;nica!<\/p>\n<p>*<strong>Informaci&oacute;n sujeta a cambios, Las im&aacute;genes de muebles, enseres, decoraci&oacute;n y dem&aacute;s elementos son una referencia.&nbsp; Las &aacute;reas y precios publicados son estimados y podr&aacute;n estar sujetos a modificaciones, cualquier informaci&oacute;n debe ser validada con la sala de negocios. El &aacute;rea y las caracter&iacute;sticas definitivas del inmueble ser&aacute;n aquellas que consten en la escritura p&uacute;blica de transferencia.<\/strong><\/p>\n<p><strong>El precio se&ntilde;alado en d&oacute;lares corresponde a un valor de referencia aproximado a la TRM del d&iacute;a. No obstante, la negociaci&oacute;n se har&aacute; en pesos colombianos<\/strong><\/p>\n","protected":false},"excerpt":{"rendered":"<p>En una de las ciudades m&aacute;s vibrantes y en crecimiento de Colombia, se encuentra ubicado este amplio local en venta en Medell&iacute;n, Antioquia. Con una superficie construida de 480 M2, este inmueble ofrece una excelente oportunidad para emprendedores y empresarios que deseen establecer su negocio en un lugar estrat&eacute;gico de la ciudad. El acceso a [&hellip;]<\/p>\n","protected":false},"author":0,"featured_media":25111,"parent":0,"menu_order":0,"template":"","property_type":[392],"property_status":[47],"property_feature":[353,349,367,368,350,369,377,354,355,352,357,358,409,359,421,360,374,375],"property_label":[],"property_country":[64],"property_state":[63],"property_city":[68],"property_area":[116],"class_list":["post-21092","property","type-property","status-publish","has-post-thumbnail","hentry","property_type-local","property_status-venta","property_feature-acceso-pavimentado","property_feature-agua","property_feature-area-social","property_feature-ascensor","property_feature-bano-auxiliar","property_feature-centros-comerciales","property_feature-cerca-a-restaurantes","property_feature-cerca-zona-urbana","property_feature-colegios-universidades","property_feature-electricidad","property_feature-parqueadero-visitantes","property_feature-parques-cercanos","property_feature-sobre-via-principal","property_feature-trans-publico-cercano","property_feature-ubicacion-exterior","property_feature-zona-comercial","property_feature-zona-residencial","property_feature-zonas-verdes","property_country-colombia","property_state-antioquia","property_city-medellin","property_area-avenida-el-poblado"],"aioseo_notices":[],"property_meta":{"_wasi_id":["9474931"],"_wasi_id_property":["9474931"],"_wasi_for_sale":["true"],"_wasi_for_rent":["false"],"_wasi_sale_price":["4800000000"],"_wasi_rent_price":["0"],"_wasi_bedrooms":["0"],"_wasi_bathrooms":["0"],"_wasi_garages":["1"],"_wasi_address":["Edificio Xerox 1er piso, Cra. 43A #15Sur15 Piso 8, El Poblado, Medell\u00edn, El Poblado, Medell\u00edn, Antioquia"],"_wasi_city":["Medell\u00edn"],"_wasi_region":["Antioquia"],"_wasi_country":["Colombia"],"_wasi_updated_at":["2025-09-19 11:02:03"],"houzez_total_property_views":["108"],"houzez_views_by_date":["a:61:{s:10:\"11-15-2025\";i:1;s:10:\"11-16-2025\";i:1;s:10:\"11-17-2025\";i:2;s:10:\"11-18-2025\";i:1;s:10:\"11-24-2025\";i:2;s:10:\"11-25-2025\";i:1;s:10:\"11-27-2025\";i:2;s:10:\"12-07-2025\";i:2;s:10:\"12-09-2025\";i:1;s:10:\"12-11-2025\";i:1;s:10:\"12-13-2025\";i:1;s:10:\"12-14-2025\";i:1;s:10:\"12-15-2025\";i:1;s:10:\"12-19-2025\";i:1;s:10:\"12-23-2025\";i:1;s:10:\"12-26-2025\";i:1;s:10:\"12-27-2025\";i:1;s:10:\"01-01-2026\";i:1;s:10:\"01-03-2026\";i:1;s:10:\"01-07-2026\";i:1;s:10:\"01-09-2026\";i:2;s:10:\"01-11-2026\";i:2;s:10:\"01-15-2026\";i:1;s:10:\"01-16-2026\";i:1;s:10:\"01-20-2026\";i:2;s:10:\"01-23-2026\";i:1;s:10:\"01-25-2026\";i:1;s:10:\"01-27-2026\";i:4;s:10:\"01-29-2026\";i:1;s:10:\"02-01-2026\";i:1;s:10:\"02-04-2026\";i:1;s:10:\"02-16-2026\";i:1;s:10:\"02-22-2026\";i:2;s:10:\"02-26-2026\";i:1;s:10:\"03-01-2026\";i:1;s:10:\"03-11-2026\";i:2;s:10:\"03-13-2026\";i:2;s:10:\"03-14-2026\";i:1;s:10:\"03-20-2026\";i:1;s:10:\"03-22-2026\";i:1;s:10:\"03-23-2026\";i:1;s:10:\"03-24-2026\";i:1;s:10:\"03-25-2026\";i:1;s:10:\"03-26-2026\";i:1;s:10:\"03-30-2026\";i:1;s:10:\"04-01-2026\";i:2;s:10:\"04-03-2026\";i:1;s:10:\"04-06-2026\";i:2;s:10:\"04-08-2026\";i:1;s:10:\"04-10-2026\";i:3;s:10:\"04-12-2026\";i:2;s:10:\"04-14-2026\";i:1;s:10:\"04-16-2026\";i:3;s:10:\"04-18-2026\";i:1;s:10:\"04-19-2026\";i:1;s:10:\"04-20-2026\";i:2;s:10:\"04-23-2026\";i:1;s:10:\"04-25-2026\";i:1;s:10:\"04-26-2026\";i:2;s:10:\"04-29-2026\";i:2;s:10:\"04-30-2026\";i:2;}"],"houzez_recently_viewed":["2026-04-30 18:47:16"],"_wasi_latitude":["6.186872218782488"],"_wasi_longitude":["-75.57847776848125"],"fave_property_price":["4800000000"],"fave_property_bedrooms":["0"],"fave_property_bathrooms":["0"],"fave_property_garage":["1"],"fave_property_address":["Avenida El Poblado, Medell\u00edn, Antioquia"],"fave_property_location":["6.1838112820008,-75.579020656172,14"],"fave_property_map_address":["Avenida El Poblado, Medell\u00edn, Antioquia"],"fave_property_size":[""],"_thumbnail_id":["25111"],"_property_gallery":["22466"],"additional_features":["a:5:{i:0;a:2:{s:29:\"fave_additional_feature_title\";s:7:\"Estrato\";s:29:\"fave_additional_feature_value\";s:1:\"6\";}i:1;a:2:{s:29:\"fave_additional_feature_title\";s:16:\"\u00c1rea Construida\";s:29:\"fave_additional_feature_value\";s:7:\"480 m\u00b2\";}i:2;a:2:{s:29:\"fave_additional_feature_title\";s:13:\"Zona \/ Barrio\";s:29:\"fave_additional_feature_value\";s:18:\"Avenida El Poblado\";}i:3;a:2:{s:29:\"fave_additional_feature_title\";s:6:\"Ciudad\";s:29:\"fave_additional_feature_value\";s:9:\"Medell\u00edn\";}i:4;a:2:{s:29:\"fave_additional_feature_title\";s:12:\"Departamento\";s:29:\"fave_additional_feature_value\";s:9:\"Antioquia\";}}"],"_wasi_admin_fee":[""],"_wasi_stratum":["6"],"_wasi_built_area":["480"],"_wasi_land_area":[""],"_wasi_property_state":[""],"_wasi_zone":["Avenida El Poblado"],"fave_property_sec_price":[""],"fave_property_price_prefix":[""],"fave_property_rooms":[""],"fave_property_size_prefix":["m\u00b2"],"fave_property_land":[""],"fave_property_land_postfix":["m\u00b2"],"fave_property_zip":[""],"fave_property_map":["1"],"fave_property_map_street_view":["0"],"fave_property_id":["9474931"],"houzez_geolocation_lat":["6.1838112820008"],"houzez_geolocation_long":["-75.579020656172"],"fave_property_hoa":[""],"fave_property_year":[""],"fave_property_estrato":["6"],"fave_property_area_construida":["480"],"fave_property_admin":["0"],"_wasi_last_sync":["1773202789"],"fave_property_images_count":["17"],"fave_property_price_postfix":[""],"fave_property_garage_size":[""],"fave_property_country":["CO"],"fave_featured":["0"],"houzez_featured_listing_date":[""],"fave_agent_display_option":["author_info"],"houzez_manual_expire":[""],"houzez_listing_expiry_date":[""],"fave_virtual_tour":[""],"fave_property_video_url":[""],"_wasi_exact_address":["Edificio Xerox 1er piso, Cra. 43A #15Sur15 Piso 8, El Poblado, Medell\u00edn, El Poblado, Medell\u00edn, Antioquia, Avenida El Poblado, Medell\u00edn, Antioquia"],"_wasi_exact_lat":["6.1868722187825"],"_wasi_exact_lng":["-75.578477768481"],"fave_property_images":["25111","25112","25113","25114","25115","25116","25117","25118","25119","25120","25121","25122","25123","25124","25125","25126","25127"],"_elementor_page_assets":["a:0:{}"]},"_links":{"self":[{"href":"https:\/\/ayhrealestate.com\/index.php\/wp-json\/wp\/v2\/properties\/21092","targetHints":{"allow":["GET"]}}],"collection":[{"href":"https:\/\/ayhrealestate.com\/index.php\/wp-json\/wp\/v2\/properties"}],"about":[{"href":"https:\/\/ayhrealestate.com\/index.php\/wp-json\/wp\/v2\/types\/property"}],"version-history":[{"count":2,"href":"https:\/\/ayhrealestate.com\/index.php\/wp-json\/wp\/v2\/properties\/21092\/revisions"}],"predecessor-version":[{"id":25110,"href":"https:\/\/ayhrealestate.com\/index.php\/wp-json\/wp\/v2\/properties\/21092\/revisions\/25110"}],"wp:featuredmedia":[{"embeddable":true,"href":"https:\/\/ayhrealestate.com\/index.php\/wp-json\/wp\/v2\/media\/25111"}],"wp:attachment":[{"href":"https:\/\/ayhrealestate.com\/index.php\/wp-json\/wp\/v2\/media?parent=21092"}],"wp:term":[{"taxonomy":"property_type","embeddable":true,"href":"https:\/\/ayhrealestate.com\/index.php\/wp-json\/wp\/v2\/property_type?post=21092"},{"taxonomy":"property_status","embeddable":true,"href":"https:\/\/ayhrealestate.com\/index.php\/wp-json\/wp\/v2\/property_status?post=21092"},{"taxonomy":"property_feature","embeddable":true,"href":"https:\/\/ayhrealestate.com\/index.php\/wp-json\/wp\/v2\/property_feature?post=21092"},{"taxonomy":"property_label","embeddable":true,"href":"https:\/\/ayhrealestate.com\/index.php\/wp-json\/wp\/v2\/property_label?post=21092"},{"taxonomy":"property_country","embeddable":true,"href":"https:\/\/ayhrealestate.com\/index.php\/wp-json\/wp\/v2\/property_country?post=21092"},{"taxonomy":"property_state","embeddable":true,"href":"https:\/\/ayhrealestate.com\/index.php\/wp-json\/wp\/v2\/property_state?post=21092"},{"taxonomy":"property_city","embeddable":true,"href":"https:\/\/ayhrealestate.com\/index.php\/wp-json\/wp\/v2\/property_city?post=21092"},{"taxonomy":"property_area","embeddable":true,"href":"https:\/\/ayhrealestate.com\/index.php\/wp-json\/wp\/v2\/property_area?post=21092"}],"curies":[{"name":"wp","href":"https:\/\/api.w.org\/{rel}","templated":true}]}}

Local en venta en El Poblado, Medellín.

Edificio Xerox 1er piso, Cra. 43A #15Sur15 Piso 8, El Poblado, Medellín, El Poblado, Medellín, Antioquia

Medellín

Avenida El Poblado, Medellín, Antioquia

a:5:{i:0;a:2:{s:29:"fave_additional_feature_title";s:7:"Estrato";s:29:"fave_additional_feature_value";s:1:"6";}i:1;a:2:{s:29:"fave_additional_feature_title";s:16:"Área Construida";s:29:"fave_additional_feature_value";s:7:"480 m²";}i:2;a:2:{s:29:"fave_additional_feature_title";s:13:"Zona / Barrio";s:29:"fave_additional_feature_value";s:18:"Avenida El Poblado";}i:3;a:2:{s:29:"fave_additional_feature_title";s:6:"Ciudad";s:29:"fave_additional_feature_value";s:9:"Medellín";}i:4;a:2:{s:29:"fave_additional_feature_title";s:12:"Departamento";s:29:"fave_additional_feature_value";s:9:"Antioquia";}}

Edificio Xerox 1er piso, Cra. 43A #15Sur15 Piso 8, El Poblado, Medellín, El Poblado, Medellín, Antioquia, Avenida El Poblado, Medellín, Antioquia
