{"id":21070,"date":"2025-09-06T04:08:59","date_gmt":"2025-09-06T09:08:59","guid":{"rendered":"https:\/\/ayhrealestate.com\/index.php\/property\/local-en-venta-en-el-poblado-medellin-av-el-poblado-111a-40-el-poblado-medellin-el-poblado-medellin-antioquia-2-600-000-000\/"},"modified":"2026-03-10T23:19:59","modified_gmt":"2026-03-11T04:19:59","slug":"local-en-venta-en-el-poblado-medellin-av-el-poblado-111a-40-el-poblado-medellin-el-poblado-medellin-antioquia-2-600-000-000","status":"publish","type":"property","link":"https:\/\/ayhrealestate.com\/index.php\/property\/local-en-venta-en-el-poblado-medellin-av-el-poblado-111a-40-el-poblado-medellin-el-poblado-medellin-antioquia-2-600-000-000\/","title":{"rendered":"Local en venta en El Poblado, Medell\u00edn."},"content":{"rendered":"<p>En la hermosa ciudad de Medell&iacute;n, en la provincia de Antioquia, se encuentra este amplio y luminoso local en venta. Con una ubicaci&oacute;n privilegiada, en una zona de alta demanda comercial y residencial, este inmueble cuenta con un &aacute;rea de terreno de 280 M2 y una construcci&oacute;n de 260 M2, lo que ofrece amplios espacios para adaptar seg&uacute;n tus necesidades y emprender un negocio exitoso. Adem&aacute;s, dispone de 1 garaje para mayor comodidad.<\/p>\n<p>Pensando en tu comodidad y la de tus clientes, este local cuenta con todas las caracter&iacute;sticas necesarias para que tu empresa sea un &eacute;xito. Dispone de agua, ba&ntilde;o auxiliar, electricidad y suelos revestidos en cer&aacute;mica o m&aacute;rmol, que aportan elegancia y f&aacute;cil limpieza.<\/p>\n<p>La ubicaci&oacute;n de este local es inmejorable, ya que su acceso es pavimentado, lo que facilita la llegada de clientes en veh&iacute;culo. Adem&aacute;s, cuenta con un &aacute;rea social que podr&aacute;s aprovechar para eventos y reuniones, y est&aacute; rodeado de centros comerciales, colegios y universidades, lo que garantiza una alta afluencia de personas.<\/p>\n<p>En su entorno, encontrar&aacute;s parques cercanos donde tus clientes podr&aacute;n relajarse, y tambi&eacute;n parqueadero para visitantes, algo muy importante en una zona tan concurrida. Adem&aacute;s, est&aacute; situado sobre una v&iacute;a principal y cuenta con transporte p&uacute;blico cercano, lo que facilita el acceso y la movilidad.<\/p>\n<p>Este local en venta cuenta con una ubicaci&oacute;n exterior, lo que proporciona una excelente visibilidad para tu negocio. Adem&aacute;s, su ubicaci&oacute;n en una zona comercial y residencial, cercano a jardines, colegios y restaurantes, lo convierten en una opci&oacute;n muy atractiva para emprender o trasladar tu empresa.<\/p>\n<p>No pierdas esta oportunidad de adquirir un local en la ciudad de Medell&iacute;n, en una excelente ubicaci&oacute;n y con todas las comodidades necesarias para que tu negocio prospere. Cont&aacute;ctanos para m&aacute;s informaci&oacute;n y con gusto te brindaremos todos los detalles y asesor&iacute;a que necesites. &iexcl;No esperes m&aacute;s y haz realidad tus sue&ntilde;os empresariales con este incre&iacute;ble local en venta!<\/p>\n<p>*<strong>Informaci&oacute;n sujeta a cambios, Las im&aacute;genes de muebles, enseres, decoraci&oacute;n y dem&aacute;s elementos son una referencia.&nbsp; Las &aacute;reas y precios publicados son estimados y podr&aacute;n estar sujetos a modificaciones, cualquier informaci&oacute;n debe ser validada con la sala de negocios. El &aacute;rea y las caracter&iacute;sticas definitivas del inmueble ser&aacute;n aquellas que consten en la escritura p&uacute;blica de transferencia.<\/strong><\/p>\n<p><strong>El precio se&ntilde;alado en d&oacute;lares corresponde a un valor de referencia aproximado a la TRM del d&iacute;a. No obstante, la negociaci&oacute;n se har&aacute; en pesos colombianos<\/strong><\/p>\n","protected":false},"excerpt":{"rendered":"<p>En la hermosa ciudad de Medell&iacute;n, en la provincia de Antioquia, se encuentra este amplio y luminoso local en venta. Con una ubicaci&oacute;n privilegiada, en una zona de alta demanda comercial y residencial, este inmueble cuenta con un &aacute;rea de terreno de 280 M2 y una construcci&oacute;n de 260 M2, lo que ofrece amplios espacios [&hellip;]<\/p>\n","protected":false},"author":0,"featured_media":25170,"parent":0,"menu_order":0,"template":"","property_type":[392],"property_status":[47],"property_feature":[353,349,367,350,369,376,377,354,355,352,357,358,409,382,359,421,360,374],"property_label":[],"property_country":[64],"property_state":[63],"property_city":[68],"property_area":[116],"class_list":["post-21070","property","type-property","status-publish","has-post-thumbnail","hentry","property_type-local","property_status-venta","property_feature-acceso-pavimentado","property_feature-agua","property_feature-area-social","property_feature-bano-auxiliar","property_feature-centros-comerciales","property_feature-cerca-a-jardines-y-colegios","property_feature-cerca-a-restaurantes","property_feature-cerca-zona-urbana","property_feature-colegios-universidades","property_feature-electricidad","property_feature-parqueadero-visitantes","property_feature-parques-cercanos","property_feature-sobre-via-principal","property_feature-suelo-de-ceramica-marmol","property_feature-trans-publico-cercano","property_feature-ubicacion-exterior","property_feature-zona-comercial","property_feature-zona-residencial","property_country-colombia","property_state-antioquia","property_city-medellin","property_area-avenida-el-poblado"],"aioseo_notices":[],"property_meta":{"_wasi_id":["9445051"],"_wasi_id_property":["9445051"],"_wasi_for_sale":["true"],"_wasi_for_rent":["false"],"_wasi_sale_price":["2600000000"],"_wasi_rent_price":["0"],"_wasi_bedrooms":["0"],"_wasi_bathrooms":["0"],"_wasi_garages":["1"],"_wasi_address":["Av. El Poblado #111A-40, El Poblado, Medell\u00edn, El Poblado, Medell\u00edn, Antioquia"],"_wasi_city":["Medell\u00edn"],"_wasi_region":["Antioquia"],"_wasi_country":["Colombia"],"_wasi_updated_at":["0000-00-00 00:00:00"],"houzez_total_property_views":["118"],"houzez_views_by_date":["a:61:{s:10:\"11-15-2025\";i:1;s:10:\"11-17-2025\";i:1;s:10:\"11-24-2025\";i:6;s:10:\"11-25-2025\";i:1;s:10:\"11-27-2025\";i:2;s:10:\"11-30-2025\";i:1;s:10:\"12-07-2025\";i:1;s:10:\"12-08-2025\";i:1;s:10:\"12-09-2025\";i:1;s:10:\"12-10-2025\";i:1;s:10:\"12-12-2025\";i:2;s:10:\"12-14-2025\";i:2;s:10:\"12-16-2025\";i:1;s:10:\"12-19-2025\";i:1;s:10:\"12-23-2025\";i:1;s:10:\"12-25-2025\";i:2;s:10:\"12-26-2025\";i:1;s:10:\"12-31-2025\";i:1;s:10:\"01-07-2026\";i:1;s:10:\"01-09-2026\";i:1;s:10:\"01-10-2026\";i:1;s:10:\"01-12-2026\";i:1;s:10:\"01-14-2026\";i:1;s:10:\"01-15-2026\";i:1;s:10:\"01-20-2026\";i:1;s:10:\"01-21-2026\";i:1;s:10:\"01-22-2026\";i:1;s:10:\"01-24-2026\";i:1;s:10:\"01-28-2026\";i:2;s:10:\"02-01-2026\";i:1;s:10:\"02-04-2026\";i:1;s:10:\"02-05-2026\";i:1;s:10:\"02-12-2026\";i:1;s:10:\"02-16-2026\";i:1;s:10:\"02-22-2026\";i:2;s:10:\"02-25-2026\";i:2;s:10:\"03-11-2026\";i:6;s:10:\"03-14-2026\";i:2;s:10:\"03-15-2026\";i:1;s:10:\"03-16-2026\";i:1;s:10:\"03-17-2026\";i:1;s:10:\"03-20-2026\";i:1;s:10:\"03-22-2026\";i:1;s:10:\"03-25-2026\";i:1;s:10:\"03-29-2026\";i:1;s:10:\"04-01-2026\";i:1;s:10:\"04-04-2026\";i:2;s:10:\"04-09-2026\";i:1;s:10:\"04-10-2026\";i:4;s:10:\"04-12-2026\";i:1;s:10:\"04-15-2026\";i:2;s:10:\"04-16-2026\";i:1;s:10:\"04-17-2026\";i:1;s:10:\"04-18-2026\";i:1;s:10:\"04-19-2026\";i:1;s:10:\"04-23-2026\";i:1;s:10:\"04-27-2026\";i:1;s:10:\"04-28-2026\";i:1;s:10:\"04-29-2026\";i:1;s:10:\"04-30-2026\";i:2;s:10:\"05-01-2026\";i:1;}"],"houzez_recently_viewed":["2026-04-30 20:11:40"],"_wasi_latitude":["6.215337138195983"],"_wasi_longitude":["-75.56990663367849"],"fave_property_price":["2600000000"],"fave_property_bedrooms":["0"],"fave_property_bathrooms":["0"],"fave_property_garage":["1"],"fave_property_size":["280"],"fave_property_address":["Avenida El Poblado, Medell\u00edn, Antioquia"],"fave_property_location":["6.2164508133901,-75.56572576621,14"],"fave_property_map_address":["Avenida El Poblado, Medell\u00edn, Antioquia"],"_thumbnail_id":["25170"],"_property_gallery":["22473"],"additional_features":["a:6:{i:0;a:2:{s:29:\"fave_additional_feature_title\";s:7:\"Estrato\";s:29:\"fave_additional_feature_value\";s:1:\"8\";}i:1;a:2:{s:29:\"fave_additional_feature_title\";s:16:\"\u00c1rea Construida\";s:29:\"fave_additional_feature_value\";s:7:\"260 m\u00b2\";}i:2;a:2:{s:29:\"fave_additional_feature_title\";s:13:\"\u00c1rea Terreno\";s:29:\"fave_additional_feature_value\";s:7:\"280 m\u00b2\";}i:3;a:2:{s:29:\"fave_additional_feature_title\";s:13:\"Zona \/ Barrio\";s:29:\"fave_additional_feature_value\";s:18:\"Avenida El Poblado\";}i:4;a:2:{s:29:\"fave_additional_feature_title\";s:6:\"Ciudad\";s:29:\"fave_additional_feature_value\";s:9:\"Medell\u00edn\";}i:5;a:2:{s:29:\"fave_additional_feature_title\";s:12:\"Departamento\";s:29:\"fave_additional_feature_value\";s:9:\"Antioquia\";}}"],"_wasi_admin_fee":[""],"_wasi_stratum":["8"],"_wasi_built_area":["260"],"_wasi_land_area":["280"],"_wasi_property_state":[""],"_wasi_zone":["Avenida El Poblado"],"fave_property_sec_price":[""],"fave_property_price_prefix":[""],"fave_property_rooms":[""],"fave_property_size_prefix":["m\u00b2"],"fave_property_land":[""],"fave_property_land_postfix":["m\u00b2"],"fave_property_zip":[""],"fave_property_map":["1"],"fave_property_map_street_view":["0"],"fave_property_id":["9445051"],"houzez_geolocation_lat":["6.2164508133901"],"houzez_geolocation_long":["-75.56572576621"],"fave_property_hoa":[""],"fave_property_year":[""],"fave_property_estrato":["8"],"fave_property_area_construida":["260"],"fave_property_admin":["3023270"],"_wasi_last_sync":["1773202799"],"fave_property_images_count":["1"],"fave_property_price_postfix":[""],"fave_property_garage_size":[""],"fave_property_country":["CO"],"fave_featured":["0"],"houzez_featured_listing_date":[""],"fave_agent_display_option":["author_info"],"houzez_manual_expire":[""],"houzez_listing_expiry_date":[""],"fave_virtual_tour":[""],"fave_property_video_url":[""],"_wasi_exact_address":["Av. El Poblado #111A-40, El Poblado, Medell\u00edn, El Poblado, Medell\u00edn, Antioquia, Avenida El Poblado, Medell\u00edn, Antioquia"],"_wasi_exact_lat":["6.215337138196"],"_wasi_exact_lng":["-75.569906633678"],"fave_property_images":["25170"],"_elementor_page_assets":["a:0:{}"]},"_links":{"self":[{"href":"https:\/\/ayhrealestate.com\/index.php\/wp-json\/wp\/v2\/properties\/21070","targetHints":{"allow":["GET"]}}],"collection":[{"href":"https:\/\/ayhrealestate.com\/index.php\/wp-json\/wp\/v2\/properties"}],"about":[{"href":"https:\/\/ayhrealestate.com\/index.php\/wp-json\/wp\/v2\/types\/property"}],"version-history":[{"count":3,"href":"https:\/\/ayhrealestate.com\/index.php\/wp-json\/wp\/v2\/properties\/21070\/revisions"}],"predecessor-version":[{"id":25169,"href":"https:\/\/ayhrealestate.com\/index.php\/wp-json\/wp\/v2\/properties\/21070\/revisions\/25169"}],"wp:featuredmedia":[{"embeddable":true,"href":"https:\/\/ayhrealestate.com\/index.php\/wp-json\/wp\/v2\/media\/25170"}],"wp:attachment":[{"href":"https:\/\/ayhrealestate.com\/index.php\/wp-json\/wp\/v2\/media?parent=21070"}],"wp:term":[{"taxonomy":"property_type","embeddable":true,"href":"https:\/\/ayhrealestate.com\/index.php\/wp-json\/wp\/v2\/property_type?post=21070"},{"taxonomy":"property_status","embeddable":true,"href":"https:\/\/ayhrealestate.com\/index.php\/wp-json\/wp\/v2\/property_status?post=21070"},{"taxonomy":"property_feature","embeddable":true,"href":"https:\/\/ayhrealestate.com\/index.php\/wp-json\/wp\/v2\/property_feature?post=21070"},{"taxonomy":"property_label","embeddable":true,"href":"https:\/\/ayhrealestate.com\/index.php\/wp-json\/wp\/v2\/property_label?post=21070"},{"taxonomy":"property_country","embeddable":true,"href":"https:\/\/ayhrealestate.com\/index.php\/wp-json\/wp\/v2\/property_country?post=21070"},{"taxonomy":"property_state","embeddable":true,"href":"https:\/\/ayhrealestate.com\/index.php\/wp-json\/wp\/v2\/property_state?post=21070"},{"taxonomy":"property_city","embeddable":true,"href":"https:\/\/ayhrealestate.com\/index.php\/wp-json\/wp\/v2\/property_city?post=21070"},{"taxonomy":"property_area","embeddable":true,"href":"https:\/\/ayhrealestate.com\/index.php\/wp-json\/wp\/v2\/property_area?post=21070"}],"curies":[{"name":"wp","href":"https:\/\/api.w.org\/{rel}","templated":true}]}}

Local en venta en El Poblado, Medellín.

Av. El Poblado #111A-40, El Poblado, Medellín, El Poblado, Medellín, Antioquia

Medellín

Avenida El Poblado, Medellín, Antioquia

a:6:{i:0;a:2:{s:29:"fave_additional_feature_title";s:7:"Estrato";s:29:"fave_additional_feature_value";s:1:"8";}i:1;a:2:{s:29:"fave_additional_feature_title";s:16:"Área Construida";s:29:"fave_additional_feature_value";s:7:"260 m²";}i:2;a:2:{s:29:"fave_additional_feature_title";s:13:"Área Terreno";s:29:"fave_additional_feature_value";s:7:"280 m²";}i:3;a:2:{s:29:"fave_additional_feature_title";s:13:"Zona / Barrio";s:29:"fave_additional_feature_value";s:18:"Avenida El Poblado";}i:4;a:2:{s:29:"fave_additional_feature_title";s:6:"Ciudad";s:29:"fave_additional_feature_value";s:9:"Medellín";}i:5;a:2:{s:29:"fave_additional_feature_title";s:12:"Departamento";s:29:"fave_additional_feature_value";s:9:"Antioquia";}}

Av. El Poblado #111A-40, El Poblado, Medellín, El Poblado, Medellín, Antioquia, Avenida El Poblado, Medellín, Antioquia
