{"id":20872,"date":"2025-09-05T04:07:28","date_gmt":"2025-09-05T09:07:28","guid":{"rendered":"https:\/\/ayhrealestate.com\/index.php\/property\/casa-en-venta-en-medellin-kilometro-7-via-las-palmas-40-mirador-del-poblado-3-500-000-000\/"},"modified":"2026-03-10T23:45:11","modified_gmt":"2026-03-11T04:45:11","slug":"casa-en-venta-en-medellin-kilometro-7-via-las-palmas-40-mirador-del-poblado-3-500-000-000","status":"publish","type":"property","link":"https:\/\/ayhrealestate.com\/index.php\/property\/casa-en-venta-en-medellin-kilometro-7-via-las-palmas-40-mirador-del-poblado-3-500-000-000\/","title":{"rendered":"Casa en Venta en Medell\u00edn"},"content":{"rendered":"<p>Casa en venta en El Poblado, Sector Palmas. Ubicada en excelente sector, con alta valorizaci&oacute;n, sector tranquilo y campestre. Cuenta con 3 habitaciones + servicio, 6 ba&ntilde;os, cada habitaci&oacute;n cuenta con vestier y ba&ntilde;o, cocina integral con isla, sala comedor amplios e iluminados, estudio. cuenta con 6 parqueaderos. Actualmente 2026 remodelada. * Informacion sujeta a cambios*<\/p>\n","protected":false},"excerpt":{"rendered":"<p>Casa en venta en El Poblado, Sector Palmas. Ubicada en excelente sector, con alta valorizaci&oacute;n, sector tranquilo y campestre. Cuenta con 3 habitaciones + servicio, 6 ba&ntilde;os, cada habitaci&oacute;n cuenta con vestier y ba&ntilde;o, cocina integral con isla, sala comedor amplios e iluminados, estudio. cuenta con 6 parqueaderos. Actualmente 2026 remodelada. * Informacion sujeta a [&hellip;]<\/p>\n","protected":false},"author":1,"featured_media":33074,"parent":0,"menu_order":0,"template":"","property_type":[343],"property_status":[47],"property_feature":[364,414,404,434,428,396,415,381,442,355,416,443,427,394,437,412,401,384,382,408,359,372,365,366,374],"property_label":[],"property_country":[64],"property_state":[63],"property_city":[68],"property_area":[96],"class_list":["post-20872","property","type-property","status-publish","has-post-thumbnail","hentry","property_type-casa","property_status-venta","property_feature-balcon","property_feature-barbacoa-parrilla-quincho","property_feature-biblioteca-estudio","property_feature-chimenea","property_feature-circuito-cerrado-de-tv","property_feature-citofono-intercomunicador","property_feature-cocina-equipada","property_feature-cocina-integral","property_feature-cocina-tipo-americano","property_feature-colegios-universidades","property_feature-comedor-auxiliar","property_feature-despensa","property_feature-gas-domiciliario","property_feature-habitacion-servicio","property_feature-hall-de-alcobas","property_feature-jacuzzi","property_feature-jardin","property_feature-piscina","property_feature-suelo-de-ceramica-marmol","property_feature-terraza","property_feature-trans-publico-cercano","property_feature-vigilancia","property_feature-vista-panoramica","property_feature-zona-de-lavanderia","property_feature-zona-residencial","property_country-colombia","property_state-antioquia","property_city-medellin","property_area-el-poblado"],"aioseo_notices":[],"property_meta":{"_wasi_id":["5251452"],"_wasi_id_property":["5251452"],"_wasi_for_sale":["true"],"_wasi_for_rent":["false"],"_wasi_sale_price":["3500000000"],"_wasi_rent_price":["0"],"_wasi_bedrooms":["4"],"_wasi_bathrooms":["6"],"_wasi_garages":["6"],"_wasi_address":["KIL\u00d3METRO 7 V\u00cdA LAS PALMAS #40 MIRADOR DEL POBLADO"],"_wasi_city":["Medell\u00edn"],"_wasi_region":["Antioquia"],"_wasi_country":["Colombia"],"_wasi_updated_at":["2022-12-26 11:18:34"],"houzez_total_property_views":["82"],"houzez_views_by_date":["a:61:{s:10:\"09-06-2025\";i:2;s:10:\"09-16-2025\";i:2;s:10:\"09-28-2025\";i:2;s:10:\"10-03-2025\";i:1;s:10:\"10-06-2025\";i:1;s:10:\"10-07-2025\";i:1;s:10:\"10-11-2025\";i:1;s:10:\"10-12-2025\";i:2;s:10:\"10-15-2025\";i:1;s:10:\"10-18-2025\";i:2;s:10:\"10-25-2025\";i:1;s:10:\"11-04-2025\";i:2;s:10:\"11-12-2025\";i:1;s:10:\"11-14-2025\";i:1;s:10:\"11-15-2025\";i:1;s:10:\"11-17-2025\";i:1;s:10:\"11-25-2025\";i:1;s:10:\"11-27-2025\";i:2;s:10:\"12-07-2025\";i:2;s:10:\"12-09-2025\";i:1;s:10:\"12-14-2025\";i:1;s:10:\"12-15-2025\";i:1;s:10:\"12-18-2025\";i:1;s:10:\"12-23-2025\";i:2;s:10:\"12-26-2025\";i:1;s:10:\"12-27-2025\";i:1;s:10:\"01-02-2026\";i:1;s:10:\"01-04-2026\";i:1;s:10:\"01-05-2026\";i:1;s:10:\"01-09-2026\";i:1;s:10:\"01-14-2026\";i:1;s:10:\"01-15-2026\";i:1;s:10:\"01-20-2026\";i:1;s:10:\"01-24-2026\";i:2;s:10:\"01-28-2026\";i:2;s:10:\"02-01-2026\";i:1;s:10:\"02-02-2026\";i:1;s:10:\"02-16-2026\";i:1;s:10:\"02-20-2026\";i:1;s:10:\"02-22-2026\";i:2;s:10:\"03-12-2026\";i:2;s:10:\"03-13-2026\";i:3;s:10:\"03-19-2026\";i:2;s:10:\"03-20-2026\";i:1;s:10:\"03-22-2026\";i:1;s:10:\"03-25-2026\";i:1;s:10:\"03-30-2026\";i:1;s:10:\"04-05-2026\";i:2;s:10:\"04-06-2026\";i:1;s:10:\"04-10-2026\";i:2;s:10:\"04-12-2026\";i:1;s:10:\"04-13-2026\";i:1;s:10:\"04-14-2026\";i:1;s:10:\"04-15-2026\";i:2;s:10:\"04-18-2026\";i:1;s:10:\"04-20-2026\";i:2;s:10:\"04-25-2026\";i:1;s:10:\"04-26-2026\";i:2;s:10:\"04-27-2026\";i:1;s:10:\"04-28-2026\";i:1;s:10:\"05-01-2026\";i:1;}"],"houzez_recently_viewed":["2026-05-01 02:20:07"],"_wasi_latitude":["6.211260010035411"],"_wasi_longitude":["-75.55176422342718"],"fave_property_price":["4800000000"],"fave_property_bedrooms":["4"],"fave_property_bathrooms":["6"],"fave_property_garage":["6"],"fave_property_size":["2700"],"fave_property_address":["El Poblado, Medell\u00edn, Antioquia"],"fave_property_location":["6.2083896050194,-75.549889153429,14"],"fave_property_map_address":["El Poblado, Medell\u00edn, Antioquia"],"_thumbnail_id":["33074"],"_property_gallery":["23143"],"additional_features":["a:6:{i:0;a:2:{s:29:\"fave_additional_feature_title\";s:7:\"Estrato\";s:29:\"fave_additional_feature_value\";s:1:\"6\";}i:1;a:2:{s:29:\"fave_additional_feature_title\";s:16:\"\u00c1rea Construida\";s:29:\"fave_additional_feature_value\";s:7:\"500 m\u00b2\";}i:2;a:2:{s:29:\"fave_additional_feature_title\";s:13:\"\u00c1rea Terreno\";s:29:\"fave_additional_feature_value\";s:8:\"2700 m\u00b2\";}i:3;a:2:{s:29:\"fave_additional_feature_title\";s:13:\"Zona \/ Barrio\";s:29:\"fave_additional_feature_value\";s:10:\"El Poblado\";}i:4;a:2:{s:29:\"fave_additional_feature_title\";s:6:\"Ciudad\";s:29:\"fave_additional_feature_value\";s:9:\"Medell\u00edn\";}i:5;a:2:{s:29:\"fave_additional_feature_title\";s:12:\"Departamento\";s:29:\"fave_additional_feature_value\";s:9:\"Antioquia\";}}"],"_wasi_admin_fee":[""],"_wasi_stratum":["6"],"_wasi_built_area":["500"],"_wasi_land_area":["2700"],"_wasi_property_state":[""],"_wasi_zone":["El Poblado"],"fave_property_sec_price":[""],"fave_property_price_prefix":[""],"fave_property_rooms":[""],"fave_property_size_prefix":["m\u00b2"],"fave_property_land":[""],"fave_property_land_postfix":["m\u00b2"],"fave_property_zip":[""],"fave_property_map":["1"],"fave_property_map_street_view":["0"],"fave_property_id":["5251452"],"houzez_geolocation_lat":["6.2083896050194"],"houzez_geolocation_long":["-75.549889153429"],"fave_property_hoa":[""],"fave_property_year":["2000"],"_wasi_last_sync":["1773204311"],"fave_property_images_count":["15"],"fave_property_price_postfix":[""],"fave_property_garage_size":[""],"fave_property_country":["CO"],"fave_featured":["0"],"houzez_featured_listing_date":[""],"fave_agent_display_option":["author_info"],"houzez_manual_expire":[""],"houzez_listing_expiry_date":[""],"fave_virtual_tour":[""],"fave_property_video_url":[""],"_wasi_exact_address":["KIL\u00d3METRO 7 V\u00cdA LAS PALMAS #40 MIRADOR DEL POBLADO, El Poblado, Medell\u00edn, Antioquia"],"_wasi_exact_lat":["6.2112600100354"],"_wasi_exact_lng":["-75.551764223427"],"fave_property_images":["33074","33075","33076","33077","33078","33079","33080","33081","33082","33083","33084","33085","33086","33087","33088"],"_elementor_page_assets":["a:0:{}"]},"_links":{"self":[{"href":"https:\/\/ayhrealestate.com\/index.php\/wp-json\/wp\/v2\/properties\/20872","targetHints":{"allow":["GET"]}}],"collection":[{"href":"https:\/\/ayhrealestate.com\/index.php\/wp-json\/wp\/v2\/properties"}],"about":[{"href":"https:\/\/ayhrealestate.com\/index.php\/wp-json\/wp\/v2\/types\/property"}],"author":[{"embeddable":true,"href":"https:\/\/ayhrealestate.com\/index.php\/wp-json\/wp\/v2\/users\/1"}],"version-history":[{"count":4,"href":"https:\/\/ayhrealestate.com\/index.php\/wp-json\/wp\/v2\/properties\/20872\/revisions"}],"predecessor-version":[{"id":35623,"href":"https:\/\/ayhrealestate.com\/index.php\/wp-json\/wp\/v2\/properties\/20872\/revisions\/35623"}],"wp:featuredmedia":[{"embeddable":true,"href":"https:\/\/ayhrealestate.com\/index.php\/wp-json\/wp\/v2\/media\/33074"}],"wp:attachment":[{"href":"https:\/\/ayhrealestate.com\/index.php\/wp-json\/wp\/v2\/media?parent=20872"}],"wp:term":[{"taxonomy":"property_type","embeddable":true,"href":"https:\/\/ayhrealestate.com\/index.php\/wp-json\/wp\/v2\/property_type?post=20872"},{"taxonomy":"property_status","embeddable":true,"href":"https:\/\/ayhrealestate.com\/index.php\/wp-json\/wp\/v2\/property_status?post=20872"},{"taxonomy":"property_feature","embeddable":true,"href":"https:\/\/ayhrealestate.com\/index.php\/wp-json\/wp\/v2\/property_feature?post=20872"},{"taxonomy":"property_label","embeddable":true,"href":"https:\/\/ayhrealestate.com\/index.php\/wp-json\/wp\/v2\/property_label?post=20872"},{"taxonomy":"property_country","embeddable":true,"href":"https:\/\/ayhrealestate.com\/index.php\/wp-json\/wp\/v2\/property_country?post=20872"},{"taxonomy":"property_state","embeddable":true,"href":"https:\/\/ayhrealestate.com\/index.php\/wp-json\/wp\/v2\/property_state?post=20872"},{"taxonomy":"property_city","embeddable":true,"href":"https:\/\/ayhrealestate.com\/index.php\/wp-json\/wp\/v2\/property_city?post=20872"},{"taxonomy":"property_area","embeddable":true,"href":"https:\/\/ayhrealestate.com\/index.php\/wp-json\/wp\/v2\/property_area?post=20872"}],"curies":[{"name":"wp","href":"https:\/\/api.w.org\/{rel}","templated":true}]}}

Casa en Venta en Medellín

KILÓMETRO 7 VÍA LAS PALMAS #40 MIRADOR DEL POBLADO

Medellín

El Poblado, Medellín, Antioquia

a:6:{i:0;a:2:{s:29:"fave_additional_feature_title";s:7:"Estrato";s:29:"fave_additional_feature_value";s:1:"6";}i:1;a:2:{s:29:"fave_additional_feature_title";s:16:"Área Construida";s:29:"fave_additional_feature_value";s:7:"500 m²";}i:2;a:2:{s:29:"fave_additional_feature_title";s:13:"Área Terreno";s:29:"fave_additional_feature_value";s:8:"2700 m²";}i:3;a:2:{s:29:"fave_additional_feature_title";s:13:"Zona / Barrio";s:29:"fave_additional_feature_value";s:10:"El Poblado";}i:4;a:2:{s:29:"fave_additional_feature_title";s:6:"Ciudad";s:29:"fave_additional_feature_value";s:9:"Medellín";}i:5;a:2:{s:29:"fave_additional_feature_title";s:12:"Departamento";s:29:"fave_additional_feature_value";s:9:"Antioquia";}}

KILÓMETRO 7 VÍA LAS PALMAS #40 MIRADOR DEL POBLADO, El Poblado, Medellín, Antioquia
